{"id":76236,"date":"2024-05-26T20:57:54","date_gmt":"2024-05-26T18:57:54","guid":{"rendered":"https:\/\/www.arcigay.it\/?page_id=76236"},"modified":"2026-01-24T14:59:48","modified_gmt":"2026-01-24T13:59:48","slug":"iovoto24","status":"publish","type":"page","link":"https:\/\/www.arcigay.it\/en\/iovoto24\/","title":{"rendered":"IoVoto24: Arcigay&#039;s mobilization for the European elections"},"content":{"rendered":"<p>&nbsp;<\/p>\n<p><span style=\"font-weight: 400;\">A recent research by the University of Verona has found that <strong>The LGBTQI+ community declares, referring to the last elections, a higher abstention rate of 6% than the general population<\/strong>. A worrying sign, which Arcigay intends to address. <img loading=\"lazy\" decoding=\"async\" class=\"size-medium wp-image-76253 aligncenter\" src=\"https:\/\/www.arcigay.it\/wp-content\/uploads\/2024\/05\/banner-1-600x338.png\" alt=\"\" width=\"600\" height=\"338\" srcset=\"https:\/\/www.arcigay.it\/wp-content\/uploads\/2024\/05\/banner-1-600x338.png 600w, https:\/\/www.arcigay.it\/wp-content\/uploads\/2024\/05\/banner-1-1200x676.png 1200w, https:\/\/www.arcigay.it\/wp-content\/uploads\/2024\/05\/banner-1-150x85.png 150w, https:\/\/www.arcigay.it\/wp-content\/uploads\/2024\/05\/banner-1-768x433.png 768w, https:\/\/www.arcigay.it\/wp-content\/uploads\/2024\/05\/banner-1-1536x865.png 1536w, https:\/\/www.arcigay.it\/wp-content\/uploads\/2024\/05\/banner-1-1118x630.png 1118w, https:\/\/www.arcigay.it\/wp-content\/uploads\/2024\/05\/banner-1-559x315.png 559w, https:\/\/www.arcigay.it\/wp-content\/uploads\/2024\/05\/banner-1.png 1640w\" sizes=\"auto, (max-width: 600px) 100vw, 600px\" \/><\/span><\/p>\n<p><span style=\"font-weight: 400;\"><strong>IO VOTO is a campaign to empower the LGBTQI+ community and its allies to vote in the upcoming European elections, conceived and produced by Arcigay in media partnership with Gay.it.<\/strong> It is a GOTV campaign (\u201cGet Out To Vote!) that wants to use our community network to spread a call to vote, to convince those who are in doubt but also to <strong>support those in difficulty<\/strong>, those who need help and support to exercise their right to vote.\u00a0<\/span><\/p>\n<p><span style=\"font-weight: 400;\">The history of the LGBTQI+ movement rests on two pillars: on one side the revolt, the Pride, on the other the paths of speaking out in institutions, from Harvey Milk to Franco Grillini, to the unforgettable pioneer Marcella Di Folco. <strong>Both of these practices \u2013 the revolt and the institutional path \u2013 have led the LGBTQI+ community to make important achievements over time.<\/strong><\/span><\/p>\n<p><span style=\"font-weight: 400;\">This is why that 6% increase in abstentions worries us.<\/span><\/p>\n<p><span style=\"font-weight: 400;\">The campaign moves with a very simple mechanism, which is a challenge: <strong><em>eight to eight<\/em><\/strong>, bring 8 people to vote with you on June 8th. <\/span><span style=\"font-weight: 400;\">To make this mobilization stronger we ask people to visit our channels and become <strong>campaign ambassador<\/strong>, that is, take up this challenge alone or in a circle <\/span><span style=\"font-weight: 400;\">of friends and let us know so that we can support this commitment with ready-made materials and tools.\u00a0<\/span><\/p>\n<p>If you want to support \u201cIo VOTO\u201d you can write to us at eu24@arcigay.it.<\/p>\n<p>We&#039;re counting on you!<\/p>\n<p>&nbsp;<\/p>\n<p><a href=\"https:\/\/www.arcigay.it\/en\/iovoto24-toolkit\/\"><img loading=\"lazy\" decoding=\"async\" class=\"aligncenter wp-image-76455 size-medium\" style=\"border: none!important;\" src=\"https:\/\/www.arcigay.it\/wp-content\/uploads\/2024\/06\/bottone_agisci_ora-600x174.png\" alt=\"\" width=\"600\" height=\"174\" srcset=\"https:\/\/www.arcigay.it\/wp-content\/uploads\/2024\/06\/bottone_agisci_ora-600x174.png 600w, https:\/\/www.arcigay.it\/wp-content\/uploads\/2024\/06\/bottone_agisci_ora-150x43.png 150w, https:\/\/www.arcigay.it\/wp-content\/uploads\/2024\/06\/bottone_agisci_ora.png 684w\" sizes=\"auto, (max-width: 600px) 100vw, 600px\" \/><\/a><\/p>\n<p><a href=\"https:\/\/actionnetwork.org\/forms\/insieme-contro-lomotransfobia?source=sito_page\" target=\"_blank\" rel=\"noopener\"><img loading=\"lazy\" decoding=\"async\" class=\"aligncenter wp-image-76345\" style=\"border: none!important;\" src=\"https:\/\/www.arcigay.it\/wp-content\/uploads\/2024\/05\/bottone_firma_appello_eu24-600x215.png\" alt=\"\" width=\"300\" height=\"108\" srcset=\"https:\/\/www.arcigay.it\/wp-content\/uploads\/2024\/05\/bottone_firma_appello_eu24-600x215.png 600w, https:\/\/www.arcigay.it\/wp-content\/uploads\/2024\/05\/bottone_firma_appello_eu24-150x54.png 150w, https:\/\/www.arcigay.it\/wp-content\/uploads\/2024\/05\/bottone_firma_appello_eu24.png 761w\" sizes=\"auto, (max-width: 300px) 100vw, 300px\" \/><\/a><a href=\"https:\/\/actionnetwork.org\/forms\/insieme-contro-lomotransfobia?source=sito_page\"><br style=\"font-weight: 400;\" \/><img loading=\"lazy\" decoding=\"async\" class=\"aligncenter size-full wp-image-76239\" src=\"https:\/\/www.arcigay.it\/wp-content\/uploads\/2024\/05\/Post_FB2.jpg\" alt=\"\" width=\"1200\" height=\"628\" srcset=\"https:\/\/www.arcigay.it\/wp-content\/uploads\/2024\/05\/Post_FB2.jpg 1200w, https:\/\/www.arcigay.it\/wp-content\/uploads\/2024\/05\/Post_FB2-600x315.jpg 600w, https:\/\/www.arcigay.it\/wp-content\/uploads\/2024\/05\/Post_FB2-150x79.jpg 150w, https:\/\/www.arcigay.it\/wp-content\/uploads\/2024\/05\/Post_FB2-768x402.jpg 768w\" sizes=\"auto, (max-width: 1200px) 100vw, 1200px\" \/><\/a><\/p>","protected":false},"excerpt":{"rendered":"<p>&nbsp; Una recente ricerca dell&#8217;Universit\u00e0 di Verona ha rilevato che la comunit\u00e0 lgbtqi+ dichiara, riferendosi alle ultime elezioni, un astensionismo pi\u00f9 alto del 6% rispetto alla popolazione generale. Un segnale [&hellip;]<\/p>\n","protected":false},"author":13,"featured_media":76255,"parent":0,"menu_order":0,"comment_status":"closed","ping_status":"closed","template":"","meta":{"_acf_changed":false,"footnotes":""},"class_list":["post-76236","page","type-page","status-publish","has-post-thumbnail","hentry"],"acf":[],"_links":{"self":[{"href":"https:\/\/www.arcigay.it\/en\/wp-json\/wp\/v2\/pages\/76236","targetHints":{"allow":["GET"]}}],"collection":[{"href":"https:\/\/www.arcigay.it\/en\/wp-json\/wp\/v2\/pages"}],"about":[{"href":"https:\/\/www.arcigay.it\/en\/wp-json\/wp\/v2\/types\/page"}],"author":[{"embeddable":true,"href":"https:\/\/www.arcigay.it\/en\/wp-json\/wp\/v2\/users\/13"}],"replies":[{"embeddable":true,"href":"https:\/\/www.arcigay.it\/en\/wp-json\/wp\/v2\/comments?post=76236"}],"version-history":[{"count":10,"href":"https:\/\/www.arcigay.it\/en\/wp-json\/wp\/v2\/pages\/76236\/revisions"}],"predecessor-version":[{"id":82076,"href":"https:\/\/www.arcigay.it\/en\/wp-json\/wp\/v2\/pages\/76236\/revisions\/82076"}],"wp:featuredmedia":[{"embeddable":true,"href":"https:\/\/www.arcigay.it\/en\/wp-json\/wp\/v2\/media\/76255"}],"wp:attachment":[{"href":"https:\/\/www.arcigay.it\/en\/wp-json\/wp\/v2\/media?parent=76236"}],"curies":[{"name":"wp","href":"https:\/\/api.w.org\/{rel}","templated":true}]}}

<p>&nbsp; Una recente ricerca dell&#8217;Università di Verona ha rilevato che la comunità lgbtqi+ dichiara, riferendosi alle ultime elezioni, un astensionismo più alto del 6% rispetto alla popolazione generale. Un segnale [&hellip;]</p>
